nd h.
10
Suppose -5*s - 117 = -8*s. Let d = s + -25. Calculate the highest common divisor of 21 and d.
7
Suppose z - 3*x = -8*x + 28, 5*x + 212 = 4*z. Suppose -c - z = -5*c. Suppose 2 = -d + c. Calculate the highest common factor of d and 110.
10
Suppose 2*w = -3*w + 585. Suppose 8*k - 3*r = 3*k + 50, 3*r - 2 = k. Calculate the highest common factor of w and k.
13
Let p be 1*(15 + 0)/(-3). Let x = p + 18. What is the greatest common factor of x and 13?
13
Let a = -233 + 114. Let i = -55 - a. What is the greatest common divisor of 8 and i?
8
Let w be (7/((-14)/(-40)))/1. Let a = 46 - 18. Suppose -5*t = 8 - a. What is the highest common divisor of t and w?
4
Let c be -117 + (-2 - 0) + -1. Let t be (12/16)/((-2)/c). Let f be (-3)/12 - 244/(-16). Calculate the highest common factor of t and f.
15
Let a = -113 + 167. Let o(d) = 3*d. Let l be o(2). Calculate the greatest common divisor of a and l.
6
Suppose -7*h = -2*h - 525. Let l = 39 - -3. What is the greatest common divisor of l and h?
21
Suppose -4*w + 4 = -0*w. Let k = 2 + w. Calculate the greatest common divisor of 27 and k.
3
Let o be (-2)/(-9) - 175/(-63). What is the greatest common divisor of o and 27?
3
Let g be 2/6 + 16/(-12). Let p be 11/(1*g/(-2)). What is the greatest common factor of 22 and p?
22
Let p = -34 - -151. Let i be 12/10 + -1 - (-320)/25. What is the highest common factor of i and p?
13
Let q(b) = -b**3 - 19*b**2 + 17*b - 3. Let m be q(-20). Calculate the greatest common factor of m and 399.
57
Let n(t) = t**3 + 9*t**2 + 9*t + 2. Let c be n(-6). Let f = -118 - -132. Calculate the greatest common factor of c and f.
14
Let q = 5 + -3. Suppose q*a - 120 = -0*a. Suppose 12 = 5*h - 4*h. What is the highest common divisor of a and h?
12
Let d = -16 - -37. What is the highest common factor of 7 and d?
7
Suppose -3*n + 2*h + 11 = 0, 2*n - 14 = 5*h - 3. Let b = 21 + n. What is the greatest common divisor of b and 8?
8
Let p(f) = -f**2 - 2*f + 5. Let b be p(0). Calculate the greatest common factor of b and 5.
5
Suppose 0 = 4*d - d - 9. Suppose 42 - 204 = -d*g. Let u = g + -24. Calculate the greatest common divisor of 12 and u.
6
Suppose 5*f + 2*u = 95, -u + 21 = -3*f + 67. Let v be f + (2 - 14)/(-4). Calculate the highest common factor of 100 and v.
20
Suppose 87 = 4*m - 13. Calculate the highest common divisor of 200 and m.
25
Suppose g = -4*o + 41, 3*o = -2*g + 20 + 57. What is the greatest common factor of g and 333?
37
Let u be (4 - 1)*24/18. Calculate the highest common divisor of 4 and u.
4
Let q = 5 - 3. Suppose -q*o + 14 = -2*j, -j = 5*o - 3*j - 44. Calculate the highest common divisor of o and 90.
10
Let h be -30*28/(-8)*1. What is the highest common factor of h and 15?
15
Let u(p) = -p**3 - 11*p**2 + 11*p + 21. Let t be u(-12). Calculate the highest common factor of t and 3.
3
Let c = -5 + 18. Suppose r - 281 = 4*x - 989, -3*r = -4*x + 700. Let s = 295 - x. Calculate the greatest common divisor of c and s.
13
Suppose 0 = -4*y - w + 41, 1 = 3*w + 10. Let o be (-1)/(8/12)*(-2)/3. What is the greatest common factor of o and y?
1
Let d = -10 - -2. Let i = 15 + d. Suppose -4*o + 126 = -2*o. What is the highest common factor of o and i?
7
Let u(b) = -4*b + 9. Let q be u(-6). Calculate the highest common divisor of 297 and q.
33
Let w(v) = -v**3 + 7*v**2 - 2. Let z be w(6). Suppose 0 = 5*p - z - 6. Calculate the greatest common divisor of 2 and p.
2
Let y(j) = -12*j. Let u be y(-1). Calculate the greatest common divisor of u and 6.
6
Suppose 7*q - 4*q = 120. Suppose 4*v - 4*p = q, -4*v - p + 85 = 4*p. What is the highest common divisor of v and 90?
15
Let u = -5 + 6. Let q be (u + -2)*(-13 - -1). What is the greatest common divisor of q and 18?
6
Suppose 3*h - 29 - 19 = 0. Let s(d) = -4*d**3 + 3*d**2 - 3*d. Let l be s(-3). What is the greatest common divisor of l and h?
16
Let f be 0 - 2 - 0 - -12. What is the highest common factor of 25 and f?
5
Let t = 0 + 7. Suppose 3*i = 59 + 46. What is the greatest common divisor of t and i?
7
Let v = 2 - -46. What is the greatest common divisor of v and 4?
4
Let l be ((6/4)/1)/(6/84). Calculate the greatest common divisor of l and 63.
21
Let g be (-1 - 0 - 0) + 432/3. What is the greatest common factor of 13 and g?
13
Suppose 0 = 3*o + 13 + 23. Let m = o - -26. Calculate the greatest common factor of 28 and m.
14
Let k = 32 - -85. What is the highest common divisor of k and 13?
13
Suppose 3*r = 8 + 85. What is the highest common divisor of 62 and r?
31
Let b(j) = j**2 + 5*j + 1. Let s be b(-5). Let f be (-2 + s)/(3/(-3)). Let y be 1 + (6 + 0)*1. Calculate the highest common factor of y and f.
1
Let t be -8 + 9 + -1 + 65. Calculate the greatest common factor of 13 and t.
13
Let x = 15 + -11. Let r = x + 4. Let j be (-14)/(-4) - (-1)/2. Calculate the greatest common divisor of j and r.
4
Suppose -3*s = -5*s - 36. Let p = 34 + s. What is the highest common factor of p and 16?
16
Let b = 3 + 2. Suppose 0 = 4*v - b*i - 36, 5*v - 8 - 32 = 5*i. Let j be 33/v - 4/16. What is the greatest common factor of j and 32?
8
Let o = -17 - -41. What is the highest common factor of o and 72?
24
Let s be (3 - 20/8)*20. What is the greatest common factor of 70 and s?
10
Suppose 0*r + 5*v = -5*r + 150, -2*r + 3*v + 50 = 0. Let l(u) = -u - 3. Let c be l(-7). Calculate the greatest common divisor of r and c.
4
Let c(o) = 3*o**2 - 4*o - 6. Let q(p) = 8*p**2 - 12*p - 17. Let v(y) = -11*c(y) + 4*q(y). Let t be v(-3). What is the greatest common divisor of t and 1?
1
Suppose 0 = -2*z + p + p + 52, 3*p = 4*z - 108. Suppose -3*v = v - 8. Let w(o) = 2*o**3 - 1. Let u be w(v). Calculate the greatest common divisor of u and z.
15
Let g = -2 - -4. Suppose -3*d = 2*d - 15. Suppose -20 = -8*n + d*n. Calculate the greatest common factor of g and n.
2
Let a be (1/(-3))/((-5)/60). What is the greatest common factor of 44 and a?
4
Let h = 7 + 20. Let z(d) = 5*d**2 - 2*d**2 + 0*d**2. Let g be z(-1). What is the greatest common divisor of g and h?
3
Let t be -78*(-4)/6 - -2. What is the greatest common divisor of 36 and t?
18
Let z(n) = 2*n**2 - 8. Let c be z(5). Calculate the greatest common divisor of 6 and c.
6
Let b be (-2 + 4)/(-1) + 10. Let q = -4 - -28. What is the highest common divisor of q and b?
8
Let k be (-11 - -3)/(-3 - -1). Calculate the greatest common factor of 2 and k.
2
Suppose -3*k - 256 = -11*k. Let d(h) = h**3 - 2*h**2 + 3*h - 2. Let f be d(3). Calculate the greatest common divisor of k and f.
16
Let r be (-1 + 1 - 2)*-1. Suppose 0 = k - f - 0*f - 72, -4 = r*f. Suppose 4*p - 2*p - 56 = 0. Calculate the highest common divisor of p and k.
14
Let y be 16/(-12)*3/(-2). Let o be (2 - 1)/(y/22). What is the highest common factor of o and 22?
11
Let c = 3 - 1. Suppose -2*w - c*w + 16 = 0. Let h be 7/(84/16)*3. Calculate the highest common divisor of w and h.
4
Let f = 146 + 25. What is the highest common divisor of f and 19?
19
Let y be (23 - 2) + -4 + 1. Calculate the highest common divisor of 3 and y.
3
Suppose 0 = 2*r + 2*w - 26, w - 1 - 3 = 0. Suppose -6 = -10*d + r*d. Calculate the highest common factor of 2 and d.
2
Suppose -2 = -3*z + 25. Suppose -3*b + 6*b = z. Suppose 0*l + l - 8 = -5*a, b*a - 12 = 3*l. What is the highest common factor of a and 2?
2
Let x(k) = -2*k + 2. Let z be x(-5). Let l be 21/(-9) + 2 + (-209)/(-33). Calculate the greatest common divisor of z and l.
6
Let q be (17 + -10)*1/1. Let x = 0 + q. Calculate the highest common divisor of 77 and x.
7
Suppose -4*i - 20 = y - 3*y, 4*y = 16. Let o be (4/i)/((-1)/6). What is the greatest common factor of o and 56?
8
Suppose -d + l - 29 = -0*l, 4*l - 144 = 5*d. Let x be (-3)/(-4 + d/(-8)). Calculate the greatest common divisor of x and 3.
3
Suppose -420 = -3*u - 4*u. Calculate the highest common divisor of u and 6.
6
Let d(t) = -t + 5. Let x be d(-6). Let h(i) = i**3 - 13*i**2 - 6*i - 13. Let r be h(14). Calculate the highest common factor of r and x.
11
Let z(g) = g - 10. Let x be z(9). Let y be (18/(-1))/x - 0. Calculate the highest common factor of 27 and y.
9
Let h(o) = o**3 + 15*o**2 - 2*o - 8. Let d be h(-15). What is the greatest common factor of 22 and d?
22
Suppose 0 = -2*r + 3*r - 26. Let c(k) = 77*k**2 - 3*k - 2. Let w be c(-1). Calculate the greatest common factor of r and w.
26
Su